11021202012112
In base 12, what is -b - -8ab798?
8ab789
In base 16, what is 5 - b0bef?
-b0bea
In base 3, what is -1110222 + -1111022?
-2222021
In base 14, what is 0 - -88627b?
88627b
In base 6, what is -2 - -45512310?
45512304
In base 9, what is 24431 + 32?
24463
In base 12, what is 30 - 81576?
-81546
In base 4, what is 1121 + 11123212111?
11123213232
In base 13, what is 1bacc2 - 2a3?
1baa1c
In base 13, what is -20b8a7 + 1ca?
-20b6aa
In base 11, what is 2578 + -758?
1920
In base 9, what is 13 + -20677087?
-20677074
In base 10, what is -49682 + 1568?
-48114
In base 15, what is -c7a + 6ec96?
6e01b
In base 4, what is -3 - -122123131123?
122123131120
In base 6, what is -11 - -34003523?
34003512
In base 8, what is -35663336 + 1?
-35663335
In base 5, what is -4 - -12322040001?
12322034442
In base 6, what is 1 + -10234043124?
-10234043123
In base 11, what is -673 - -15804?
15141
In base 11, what is 133 - 752637?
-752504
In base 11, what is -11 - 58a3a61?
-58a3a72
In base 11, what is -a331307 + -1?
-a331308
In base 6, what is -15301 - -2325043?
2305342
In base 2, what is 1100000000010 - -110001?
1100000110011
In base 10, what is 7 + -7729082?
-7729075
In base 9, what is 1 + 2568484?
2568485
In base 4, what is -2 + -1130103101000?
-1130103101002
In base 10, what is -43455037 - 23?
-43455060
In base 2, what is 110101001011001011 + -11000110101?
110100110010010110
In base 14, what is -1687 + 5ab?
-10ba
In base 8, what is -17 + -423522?
-423541
In base 12, what is -2b - -3058?
3029
In base 7, what is -12 + -53320354?
-53320366
In base 5, what is 4242124443 + 3?
4242130001
In base 16, what is 1 + 280f758?
280f759
In base 11, what is 48 + 34252?
3429a
In base 4, what is -11330 - 11322?
-23312
In base 8, what is -173 - 132077?
-132272
In base 6, what is -1 + 2200244231?
2200244230
In base 6, what is -3004303251 - 5?
-3004303300
In base 15, what is -39e4965 - -8?
-39e495c
In base 12, what is -2352 - -10700?
a36a
In base 10, what is 13286824 - -4?
13286828
In base 13, what is 82455bb + 6?
82455c4
In base 5, what is -34141313013 - 41?
-34141313104
In base 8, what is 101056027 + -5?
101056022
In base 13, what is 5 - a069a0?
-a06998
In base 16, what is 421b - 2686?
1b95
In base 14, what is -2 - -771c35?
771c33
In base 5, what is -444440221 - -2?
-444440214
In base 3, what is 112202101 - 1212100222?
-1022121121
In base 11, what is 523a3035 + 5?
523a303a
In base 13, what is -b08aa73 - 8?
-b08aa7b
In base 11, what is 692a9 - -235?
69533
In base 16, what is -70 - 3653?
-36c3
In base 10, what is -4623840 + -124?
-4623964
In base 10, what is 44999 + -4609?
40390
In base 2, what is 111100100000101 - 10100001001?
111001111111100
In base 11, what is -39 + 154747?
154709
In base 8, what is 2 + -234731151?
-234731147
In base 12, what is -2 - -2821873?
2821871
In base 8, what is 4246 + 76562?
103030
In base 10, what is -1286466 - -24?
-1286442
In base 13, what is 100c8920 - 1?
100c891c
In base 3, what is 220 + 222102220212?
222102221202
In base 3, what is -10 + -212111110122020?
-212111110122100
In base 11, what is -34 - 274430a?
-2744343
In base 13, what is 1135646 - 7?
113563c
In base 15, what is 23259 + -11e?
2313a
In base 13, what is 8378a6a7 - 4?
8378a6a3
In base 15, what is 2 + -ea53e8?
-ea53e6
In base 4, what is 2 + -31103112002?
-31103112000
In base 11, what is 934340 + 39a?
93472a
In base 15, what is -553ed1 + -a?
-553edb
In base 2, what is -11111011000010 - -111111011011111?
100000000011101
In base 16, what is 5 + -4aa98b?
-4aa986
In base 13, what is -3109789 + -a?
-3109796
In base 6, what is -34435 - 1035?
-35514
In base 10, what is 4 - -124715487?
124715491
In base 2, what is -10 + -110001000111011100101?
-110001000111011100111
In base 11, what is 25 - -3087723a?
30877264
In base 3, what is -211222211200211120 - -1?
-211222211200211112
In base 7, what is 1363546036 + -3?
1363546033
In base 15, what is -2 - 1778012?
-1778014
In base 12, what is 46 + 5b6a5?
5b72b
In base 3, what is 10 - 222111210220122?
-222111210220112
In base 12, what is -9 - 97a966?
-97a973
In base 11, what is -92 + 177376?
177294
In base 5, what is -3442 - -111423304?
111414312
In base 14, what is 179bc2 + 12?
179bd4
In base 6, what is -3 + 1423232134?
1423232131
In base 9, what is -4037 - -430?
-3507
In base 5, what is 1433321410323 + -3?
1433321410320
In base 15, what is -13 - -bb84?
bb71
In base 16, what is 5f + -31e3?
-3184
In base 3, what is -121010 - 112122211?
-120020221
In base 6, what is -13211230 + -15050?
-13230320
In base 7, what is -6403 + -1316550?
-1326253
In base 3, what is 10 + 21000202202121?
21000202202201
In base 11, what is 101429 - 63?
101376
In base 6, what is 243 + 142300?
142543
In base 11, what is -14061930 - 3?
-14061933
In base 13, what is -482ab - -520?
-47a8b
In base 11, what is 424215 + -a7?
424119
In base 4, what is 3110013101 + 113?
3110013220
In base 7, what is -215 + 114022?
113504
In base 8, what is -1431 - -11066?
7435
In base 9, what is -11876352 - 1?
-11876353
In base 8, what is 756400 + -3?
756375
In base 14, what is 258646 - 28?
25861c
In base 8, what is 346152 - -103?
346255
In base 3, what is 21222102221001 + -11?
21222102220220
In base 10, what is -2 - -280918?
280916
In base 10, what is 7344 - -11222?
18566
In base 7, what is 3415145 + -32?
3415113
In base 15, what is 4e + 69127?
69176
In base 3, what is -20111111211 - -22?
-20111111112
In base 10, what is -1846697 + 137?
-1846560
In base 12, what is 1101 + 7932?
8a33
In base 2, what is 110001 + -100110001000100010010?
-100110001000011100001
In base 3, what is -1121112202 - -1102?
-1121111100
In base 11, what is 17a4402 + -7?
17a43a6
In base 13, what is -11b508 - -a?
-11b4cb
In base 3, what is -1011 + -1000021002002?
-1000021010020
In base 9, what is -3412671 + -100?
-3412771
In base 12, what is -265 - 1114?
-1379
In base 3, what is 1100 - 10201201100?
-10201200000
In base 12, what is 5200091 + 1?
5200092
In base 12, what is 8 - -3599400?
3599408
In base 16, what is -5537 + -2202?
-7739
In base 9, what is -40 + -1547417?
-1547457
In base 2, what is 1101110100000100 - -10000000?
1101110110000100
In base 12, what is 3a790195 - 5?
3a790190
In base 15, what is -8a0 + 1b363?
1a9b3
In base 12, what is 2b74b6 + -49?
2b7469
In base 6, what is 404335 - 30502?
333433
In base 8, what is -4 + 542364046?
542364042
In base 9, what is -314 - 264400?
-264714
In base 7, what is -116243144 + 3?
-116243141
In base 14, what is 2b3 + 30a33?
30d06
In base 14, what is 1 - 3c01469?
-3c01468
In base 12, what is 5 - 1867843?
-186783a
In base 7, what is 303 + 112062?
112365
In base 3, what is 1020102212222101 - 10?
1020102212222021
In base 12, what is -401a64 + -30?
-401a94
In base 16, what is -34 + 33197?
33163
In base 8, what is 54 - 57750?
-57674
In base 4, what is -2221 + 2101122312?
2101120031
In base 9, what is -27722327 - 1?
-27722328
In base 9, what is 12451317 + -227?
12451080
In base 12, what is 125a0 - 67a?
11b22
In base 7, what is 11233 + -62163?
-50630
In base 8, what is -502 + -55671?
-56373
In base 4, what is 2321 + -2033212233?
-2033203312
In base 13, what is 84164 + -185?
83cac
In base 6, what is -1051143 - 1201?
-1052344
In base 7, what is 3 - 12221651?
-12221645
In base 16, what is f3 - -bbaf?
bca2
In base 8, what is -11565637 - -20?
-11565617
In base 2, what is -1010110011010100 - 1011111010110?
-1100010010101010
In base 11, what is 3051a71 - 1?
3051a70
In base 3, what is 1002202 + 1122111212?
1200121121
In base 6, what is 14044 + -12343?
1301
In base 11, what is 638 + -4378?
-3840
In base 14, what is 1 + -6667757?
-6667756
In base 7, what is 12 + 36661564?
36661606
In base 4, what is 302021 + 112203200?
113111221
In base 4, what is 3 - -20133300310?
20133300313
In base 5, what is 1010 + 10224431441?
10224433001
In base 11, what is 4a62 + 32?
4a94
In base 12, what is -4 + -b2a95?
-b2a99
In base 15, what is 43d53eb + -5?
43d53e6
In base 2, what is -110101000101 - 1100110101000?
-10011011101101
In base 2, what is -11 - -100100110010010110100111?
100100110010010110100100
In base 7, what is 6306311 - 14?
6306264
In base 3, what is -121021012002022201 - -11?
-121021012002022120
In base 3, what is 10022 - -11201102112?
11201112211
In base 15, what is 8 - 8eecd?
-8eec5
In base 6, what is 10143145 + 4503?
1015